{"id":1185,"date":"2020-01-05T19:00:27","date_gmt":"2020-01-05T18:00:27","guid":{"rendered":"http:\/\/leszek.jaroszewicz.com\/?page_id=1185"},"modified":"2020-01-20T18:09:11","modified_gmt":"2020-01-20T17:09:11","slug":"2019-2016","status":"publish","type":"page","link":"https:\/\/jaroszewicz.com\/?page_id=1185","title":{"rendered":"Photonics correlated with fibre optic technology, 2019-2016"},"content":{"rendered":"\n<ul class=\"wp-block-list\"><li><strong>(impact factor 4.162)<\/strong> A.T. Kurzych, L.R. Jaroszewicz, Z. Krajewski, M. Dudek, K.P. Teisseyre, J.K. Kowalski ?Two correlated interferometric optical fiber systems applied to the mining activity recordings?, &nbsp;<em>J. Lightwave Techn.<\/em>, <strong>37<\/strong>(17), (2019), 4851-4857, DOI: 10.1109\/JLT.2019.2923853, <\/li><li><strong>(impact factor 3.031)<\/strong> L.R. Jaroszewicz, A. Kurzych, Z. Krajewski, M. Dudek, J.K. Kowalski, K.P. Teisseyre ?The fiber-optic rotational seismograph &#8211; laboratory tests and field application?, <em>Sensors, <strong>19(12)<\/strong><\/em>, (2019), 2699, DOI: 10.3390\/s19122699,<\/li><li>(<strong>impact factor 2.061)<\/strong> J.E. Mos, J. Korec, K.A. Stasiewicz, B. Jankiewicz, B. Bartosewicz, L.R. Jaroszewicz ?Research on optical properties of tapered optical fibers with liquid crystal cladding doped with gold nanoparticles?, <em>Crystals,<\/em><strong> 9, <\/strong>(2019), 306; doi:10.3390\/cryst9060306,<\/li><li><strong>(impact factor 2.057)<\/strong> J. Korec, K. A. Stasiewicz, O. Strze\u017cysz, P. Kula, L.R. Jaroszewicz ?Electro-steering tapered fiber-optic device with liquid crystal cladding?, <em>J. Sensors<\/em>, <strong>2019<\/strong>, (2019), 1617685, DOI:10.1155\/2019\/1617685, <\/li><li>J. Korec, K. A. Stasiewicz, L R. Jaroszewicz ?Temperature effect on the light propagation in a tapered optical fiber with a twisted nematic liquid crystal cladding,?, <em>Photonics Letters of Poland<\/em>, <strong>11<\/strong>(1), (2019), 16-18<\/li><li>J.E. Mo\u015b, K.A. Stasiewicz, L.R. Jaroszewicz ?Liquid crystal cell with a tapered optical fiber as an active element to optical applications,? <em>Photonics Letters of Poland<\/em>, <strong>11<\/strong>(1), (2019), 13-15,<\/li><li>A.T. Kurzych, L. R. Jaroszewicz, Z. Krajewski, M. Dudek, J. K. Kowalski, ?Interferometric optical fiber sensor set for angular velocity recording ? Allan variance analysis in practice?, 7th European Workshop on Optical Fibre Sensors EWOFS? 2019,&nbsp;1 ? 4.10. 2019, Limassol, Cyprus, <em>Proc. of SPIE<\/em>, <strong>11199<\/strong> (2019), 1104507,<\/li><li>M. Chru\u015bciel, P. Mar\u0107, L. R. Jaroszewicz ?Reflective type optical fiber sensors? transducer based on a photopolymer microtip?, 7th European Workshop on Optical Fibre Sensors&nbsp; EWOFS? 2019<em>, <\/em>&nbsp;1 ? 4.10. 2019, Limassol, Cyprus, <em>Proc. of SPIE<\/em> <strong>11199<\/strong>, (2019), 11992K,<\/li><li>I. Jakubowska, P. Mar\u0107, S. Popiel, M. Chru\u015bciel, K. Stasiewicz<strong>, <\/strong>L. R. Jaroszewicz, ?Photopolymer coat-ing of tapered optical fiber for chemical sensors?, 7th European Workshop on Optical Fibre Sensors&nbsp; EWOFS? 2019<em>, <\/em>&nbsp;1 ? 4.10. 2019, Limassol, Cyprus, <em>Proc. of SPIE,<\/em> <strong>11199<\/strong>, (2019), 1119910,<\/li><li>J. F. Algorri, N. Bennis, V. Urruchi del Pozo, P. Morawiak, L. R. Jaroszewicz, J.M. S\u00e1nchez Pena, &#8220;Novel microstructures on indium tin oxide for liquid crystal adaptive lenses,&#8221; SPIE Optical Engineering + Applications Novel Optical Systems, Methods, and Applications XXII, 9.09.2019, San Diego, California, <em>Proc. of SPIE<\/em> <strong>11105<\/strong>, (2019), 1110510, &nbsp;DOI: 10.1117\/12.2527546,<\/li><li>L. R. Jaroszewicz, A. Kurzych, Z. Krajewski, J. K. Kowalski, H.A. Kowalski, K.P. Teisseyre ?Innovative Fibre-Optic Rotational Seismograph?, 7th International Symposium on Sensor Science, Napoli, Italy, 9?11.05.2019, <em>MDPI Proc<\/em>. <strong><em>15<\/em><\/strong>, (2019), 45; DOI:10.3390\/proceedings2019015045, <\/li><li><strong>(impact factor 1.438)<\/strong> R. Zawisza, L.R. Jaroszewicz, P. Mikulic, W.J. Bock ?An interferometric structure with a dual-resonance long period grating for strain sensing?, <em>Opto-Electron. Rev.,<\/em><strong>26<\/strong>(4), (2018), 325-328,<\/li><li><strong>(impact factor 2.151)<\/strong> J. E. Mos, K. A. Stasiewicz, K. Garbat, P. Morawiak, W. Piecek, L. R. Jaroszewicz, ?Tapered fibre liquid crystal broadband device?, <em>Phys. Scr<\/em>. <strong>93<\/strong>, (2018), 125002, <\/li><li><strong>(impact factor 3.031)<\/strong> R. Zawisza, T. Eftimov, P. Mikulic, W.J. Bock, L.R. Jaroszewicz ?Ambient refractive-index measurement with simultaneous temperature monitoring based on a dual-resonance long-period grating inside a fiber loop mirror structure?, <em>Sensors<\/em>, <strong>18<\/strong>, (2018), 2370; DOI:10.3390\/s18072370, <\/li><li><strong>(impact factor 1.438)<\/strong> R. Zawisza, T. Eftimov, P. Mikulic, Y. Chinifooroshan, A. Celeba\u0144ska, W.J. Bock, L.R. Jaroszewic<strong>z<\/strong> ?Dual-resonance long-period grating in fiber loop mirror structure for liquid refractive index measurement?, <em>Opto-Electron. Rev.,<\/em><strong>26<\/strong>(1), (2018), 24-28, <\/li><li><strong>(impact factor 4.162)<\/strong> J.E. Mo\u015b, M. Florek, K. Garbat, K.A. Stasiewicz, N. Bennis<strong>, <\/strong>L.R. Jaroszewicz &#8220;In-line tunable nematic liquid crystal fiber optic filter?, <em>J. Lightwave Techn.<\/em>, <strong>36<\/strong>(4), (2018), 891-897, DOI: 10.1109\/JLT.2017.2771368,<\/li><li>(impact factor 4.162) A. Kurzych, L.R. Jaroszewicz, Z. Krajewski, B. Sakowicz, J. K. Kowalski, P. Mar\u0107 &#8220;Fibre-optic Sagnac interferometer in a FOG minimum configuration as an instrumental challenge for rotational seismology?, <em>J. Lightwave Techn.<\/em>, <strong>36<\/strong>(4), (2018), 879-884, DOI:10.1109\/JLT.2017.2769136, <\/li><li><strong>(impact factor 4.116)<\/strong> P. Mar\u0107, N. Przybysz, A. Molska, L.R. Jaroszewicz ?Photonic crystal fiber transducers for an optical fiber multilevel temperature threshold sensor?, <em>J. Lightwave Techn.<\/em>, <strong>36<\/strong>(4), (2018), 898-903, DOI: 10.1109\/JLT.2017.2759202, <\/li><li>A. Kurzych, L.R. Jaroszewicz, Z. Krajewski, J.K. Kowalski, and M. Dudek ?Torsion and tilt registration by two correlated interferometric optical fiber systems?, 26th International Conference on Optical Fiber Sensors, OFS-26, 24-28.09.2018, Lozanna, Switzerland, <em>OSA Technical Digest, <\/em>(2018), paper ThE99, https:\/\/www.osapublishing.org\/abstract.cfm?URI=OFS-2018-ThE99P,<\/li><li>P. Mar\u0107, M. \u017byczkowski, N. Bennis, L. R. Jaroszewicz ?Optical vortex application for a secure optical system?, 7th International Conference on Speckle Metrology SPECKLE-2018, 9-12.09.2018, Jan\u00f3w Podlaski, Poland, <em>Proc. of SPIE<\/em>, <strong>10834<\/strong> (2018), 10834-75,<\/li><li>A. Kalbarczyk, N. Bennis, I. Merta, A. Spadlo, R. Weglowski, M. Kwiatkowska, P. Marc, L.R. Jaroszewicz ?Modulation of depolarization analyzed by interferometry setup?, 7th International Conference on Speckle Metrology SPECKLE-2018, 9-12.09.2018, Jan\u00f3w Podlaski, Poland, <em>Proc. of SPIE<\/em>, <strong>10834<\/strong> (2018), 10834-89,<\/li><li>R. Zawisza, P. Mikulic, W.J. Bock, L.R. Jaroszewicz ?Strain sensor based on a long period fiber grating with dual-resonance closed in the interferometric structure?, XV International Scientific Conference on Optoelectronic and Electronic Sensors (COE), 17-20 June 2018, Warszawa, <em>IEEE Explore<\/em>, (2018), 1-3, DOI: <a rel=\"noreferrer noopener\" href=\"https:\/\/doi.org\/10.1109\/COE.2018.8435181\" target=\"_blank\">10.1109\/COE.2018.8435181<\/a>, &nbsp;<\/li><li>J. Korec, K.A. Stasiewicz, O. Strzeysz, P. Kula, J. Mo\u015b, L.R.Jaroszewicz ?Tapered fibre liquid crystal optical device?, SPIE-Photonic Euro, Micro-Structured and Specialty Optical Fibres V, 25-26.04.2018, Strasbourg, France, <em>Proc. of SPIE,<\/em> <strong>10681<\/strong>, (2018), 106810G,<\/li><li>I. Jakubowska, J. Korec, J. Mo\u015b, K. A. Stasiewicz, K. Matras-Posto\u0142ek, L.R. Jaroszewicz ?Optical fibre taper sensor with nanoparticles mixture cladding?, 18<sup>th<\/sup> Optical Fibers and Their Applications TAL-2018, 20-23.11.2018, Na\u0142\u0119cz\u00f3w, Poland, <em>Proc. of SPIE<\/em>, <strong>11045<\/strong> (2019),110450F, DOI: 10.1117\/12.2522022, <\/li><li>J. E. Mo\u015b,&nbsp;K. A. Stasiewicz,&nbsp;M. Florek, L. R. Jaroszewicz&nbsp;?Influence of liquid crystal cladding on light propagation in a tapered optical fiber?, 18<sup>th<\/sup> Optical Fibers and Their Applications TAL-2018, 20-23.11.2018, Na\u0142\u0119cz\u00f3w, Poland, <em>Proc. of SPIE<\/em>, <strong>11045<\/strong> (2019), 110450H, DOI: 10.1117\/12.2522199, <\/li><li>M. Florek, K.A. Stasiewicz,&nbsp;J. Korec, J.E. Mo\u015b, O. Strze\u017cysz, K. Garbat, L.R. Jaroszewicz ?Tapered fibre optic device with liquid crystal cladding?, 18<sup>th<\/sup> Optical Fibers and Their Applications TAL-2018, 20-23.11.2018, Na\u0142\u0119cz\u00f3w, Poland, <em>Proc. of SPIE<\/em>, <strong>11045<\/strong> (2019), 110450E, DOI:&nbsp;<a href=\"https:\/\/doi.org\/10.1117\/12.2522018\">10.1117\/12.2522018<\/a>, <\/li><li>P. Mar\u0107,&nbsp;K.A. Stasiewicz,&nbsp;J. Korec,&nbsp;M. Kwiatkowska,&nbsp;O. Strze\u017cysz,&nbsp;P. Kula, L.R. Jaroszewicz&nbsp;&#8220;Polarization properties of an optical fiber biconical taper with a liquid crystal cladding&#8221;, 18<sup>th<\/sup> Optical Fibers and Their Applications TAL-2018, 20-23.11.2018, Na\u0142\u0119cz\u00f3w, Poland, <em>Proc. of SPIE<\/em>, <strong>11045<\/strong> (2019), 110450D, DOI:10.1117\/12.2520889,<\/li><li>J. Korec,&nbsp;K. A. Stasiewicz, L. R. Jaroszewicz&nbsp;&#8220;Temperature influence on optical power spectrum of the tapered fiber device with a liquid crystal cladding &#8220;, 18<sup>th<\/sup> Optical Fibers and Their Applications TAL-2018, 20-23.11.2018, Na\u0142\u0119cz\u00f3w, Poland, <em>Proc. of SPIE<\/em>, <strong>11045<\/strong> (2019), 110450I, DOI: 10.1117\/12.2522260,<\/li><li>M. Dudek,&nbsp;P. Mar\u0107, L.R. Jaroszewicz&nbsp;&#8220;Modification of optical fiber?s geometry with an excimer laser&#8221;, 18<sup>th<\/sup> Optical Fibers and Their Applications TAL-2018, 20-23.11.2018, Na\u0142\u0119cz\u00f3w, Poland, <em>Proc. of SPIE<\/em>, <strong>11045<\/strong> (2019), 1104503, DOI: 10.1117\/12.2519355, <\/li><li>M. Chru\u015bciel,&nbsp;P. Mar\u0107,&nbsp;I. Jakubowska, L.R. Jaroszewicz&nbsp;&#8220;UV polymerized microtips on multimode optical fibers&#8221;, 18<sup>th<\/sup> Optical Fibers and Their Applications TAL-2018, 20-23.11.2018, Na\u0142\u0119cz\u00f3w, Poland, <em>Proc. of SPIE<\/em>, <strong>11045<\/strong> (2019), 110450G, DOI: 10.1117\/12.2522113,<\/li><li>P. Mar\u0107, N. Przybysz, K. Stasiewicz<strong>, <\/strong>L. R. Jaroszewicz ?Multilevel temperature threshold sensor based on photonic crystal fiber transducers,? 25th International Conference on Optical Fiber Sensors Conference OFS-25, 24-28.04.2017, Jeju, Korea<em>, Proc. of SPIE<\/em>, <strong>10323<\/strong>, (2017), 103231T, DOI: <a href=\"http:\/\/dx.doi.org\/10.1117\/12.2262101\">10.1117\/12.2262101<\/a>,<\/li><li>A. Kurzych, L<strong>. <\/strong>R. Jaroszewicz, Z. Krajewski, B. Sakowicz, J. K. Kowalski, P. Mar\u0107 ?Fibre optic gyroscope as instrumental challenge for rotational seismology?, 25th International Conference on Optical Fiber Sensors Conference OFS-25, 24-28.04.2017, Jeju, Korea<em>, Proc. of SPIE<\/em>,&nbsp; <strong>10323<\/strong>, (2017), 103236C, DOI: <a href=\"http:\/\/dx.doi.org\/10.1117\/12.2263424\">10.1117\/12.2263424<\/a>,<\/li><li>J. E. Mos, M. Florek, K. Garbat, K. A. Stasiewicz, N. Bennis, L. R. Jaroszewicz ?Tunable liquid crystal fibre optic filter,? 25th International Conference on Optical Fiber Sensors Conference OFS-25, 24-28.04.2017, Jeju, Korea,<em> Proc. of SPIE<\/em>,&nbsp; <strong>10323<\/strong>, (2017), 1032363, DOI: <a href=\"http:\/\/dx.doi.org\/10.1117\/12.2263276\">10.1117\/12.2263276<\/a>,<\/li><li>N. Przybysz, P. Mar\u0107, E. Tomaszewska, J. Grobelny, L. R. Jaroszewicz ?Pure and Au nanoparticles doped higher alkanes for an optical fiber temperature threshold sensor<em>? <\/em>Optical Sensors 2017, 24-27.04.2017, Prague, Czech Republic<em>, Proc. of SPIE, <\/em><strong>10231, <\/strong>(2017), 1023125, DOI: 10.1117\/12.2265867,<\/li><li>R. Wonko, J. E. Mo\u015b, K. A. Stasiewicz, L. R. Jaroszewicz ?Improved vibration sensor based on a biconical tapered single mode fiber, using an in-fiber Mach-Zehnder interferometer?, Optical Sensors 2017, 24-27.04.2017, Prague, Czech Republic<em>, Proc. of SPIE, <\/em><strong>10231, <\/strong>(2017), 1023123, DOI: 10.1117\/12.2265858,<\/li><li>A. Kurzych, L. R. Jaroszewicz, J. K. Kowalski ?Construction and laboratory test of the fiber optic rotational seismograph FOSREM for rotational seismology area of interest<em>? <\/em>Optical Sensors 2017, 24-27.04.2017, Prague, Czech Republic<em>, Proc. of SPIE, <\/em><strong>10231, <\/strong>(2017), 102311P, DOI: 10.1117\/12.2265590,<\/li><li>J. Mo\u015b, M. Florek, R. Wonko, K. Stasiewicz, L. R. Jaroszewicz ?Influence temperature and electric field on propagation properties of a nematic liquid crystals optical fiber device?, 17<sup>th<\/sup> Optical Fibers and Their Applications 2017, 23-27.01.2017, Na\u0142\u0119cz\u00f3w, Poland, <em>Proc. of SPIE,<\/em> <strong>10325<\/strong>, (2017), 103250F, DOI: 10.1117\/12.2271042,<\/li><li>M. Chru\u015bciel, P. Mar\u0107, M. Dudek, P. Pura-Pawlikowska, R.T. Wonko, L.R. Jaroszewicz ?Technology of photopolymer microtip as an optical fiber sensor?s transducer?, 17<sup>th<\/sup> Optical Fibers and Their Applications 2017, 23-27.01.2017, Na\u0142\u0119cz\u00f3w, Poland, <em>Proc. of SPIE,<\/em> <strong>10325<\/strong>, (2017), 103250E, DOI: 10.1117\/12.2271037,<\/li><li>R. Wonko, P. Mar\u0107, L. R. Jaroszewicz ?Fabrication of tapered long period fiber gratings for sensors application by filament heating?, 17<sup>th<\/sup> Optical Fibers and Their Applications 2017, 23-27.01.2017, Na\u0142\u0119cz\u00f3w, Poland, <em>Proc. of SPIE,<\/em> <strong>10325<\/strong>, (2017), 1032507, DOI: 10.1117\/12.2271088,<\/li><li><strong>(impact factor 2.033)<\/strong> L. R. Jaroszewicz, A. Kurzych, Z. Krajewski, P. Mar\u0107, J. K. Kowalski, P. Bobra, Z. Zembaty, B. Sakowicz, R. Jankowski ?Review of the usefulness of various rotational seismometers with laboratory results of fibre-optic ones tested for engineering applications?, <em>Sensors,<\/em> <strong>16<\/strong>(12), (2016), 2161; DOI:10.3390\/s16122161, <\/li><li><strong>(impact factor 1.449)<\/strong> A. Kurzych, J. K. Kowalski, B. Sakowicz, Z. Krajewski, L. R. Jaroszewicz ?The laboratory investigation of the innovative sensor for torsional effects in engineering structures? monitoring?, <em>Opto-Electron. Rev.<strong>,<\/strong><\/em><strong> 24<\/strong>(3),(2016), 134-143,<\/li><li><strong>(impact factor 1.449)<\/strong> P. Pura-Pawlikowska, M. Dudek, R. Wonko, P. Mar\u0107, M. Kujawi\u0144ska, L R. Jaroszewicz ?The polymer converter for effectively connecting polymer with silica optical fibers?,&nbsp; <em>Opto-Electron. Rev.<strong>,<\/strong><\/em><strong> 24<\/strong>(3),(2016), 126-133, <\/li><li>A. Kurzych, Z. Krajewski, J. K. Kowalski, L.R. Jaroszewicz ?Construction and laboratory test of a fibre optic sensor for rotational events recording?, 6<sup>th<\/sup> European Workshop on Optical Fiber Sensors, 31.05-3,06.2016, Limerick, Ireland<em>, Proc. of SPIE, <\/em><strong>9916 <\/strong>(2016), 99160K-1,<\/li><li>M. Dudek, M. Kujawi\u0144ska, P. Makowski, L.R. Jaroszewicz, V. Parat ?Optical properties of polymer microtips investigated with workshop tomographic system?, Optical Micro- and Nanometrology<em>, <\/em>Proc. SPIE <strong>9890<\/strong>, (2016), 98901D, DOI:10.1117\/12.2235405.<\/li><\/ul>\n\n\n\n<h3 class=\"wp-block-heading\"><strong>Books:<\/strong><\/h3>\n\n\n\n<ul class=\"wp-block-list\"><li> L.R. Jaroszewicz, A. Kurzych ?Devices for a Rotational Ground Motion  Measurement?, in S. D&#8217;Amico (ed): Moment Tensor Solutions &#8211; A Useful  Tool for Seismotectonics, Springer, 2018, 725-752,  <\/li><li> L.R. Jaroszewicz, A. Kurzych, K.P. Teisseyre, Z. Krajewski ?Measurement  of rotational events in regions prone to seismicity: A Review? in A.  Okiwelu (ed.): Geophysics, ISBN 978-953-51-5570-6, InTechOpen Rijeka,  Croatia, 2018, Ch. 2, 19-39 <\/li><\/ul>\n\n\n\n<h3 class=\"wp-block-heading\">Patents:<\/h3>\n\n\n\n<ul class=\"wp-block-list\"><li>L. R. Jaroszewicz, P. Mar\u0107, P. Pura-Pawlikowska ?Spos\u00f3b wytwarzania konwertera polimerowego do \u0142\u0105czenia w\u0142\u00f3kien \u015bwiat\u0142owodowych i polimerowy converter do \u0142\u0105czenia w\u0142\u00f3kien \u015bwiat\u0142owodowych?, <strong>PL-233 284 B3 <\/strong>17-06-2019<\/li><\/ul>\n","protected":false},"excerpt":{"rendered":"<p>(impact factor 4.162) A.T. Kurzych, L.R. Jaroszewicz, Z. Krajewski, M. Dudek, K.P. Teisseyre, J.K. Kowalski ?Two correlated interferometric optical fiber systems applied to the mining activity recordings?, &nbsp;J. Lightwave Techn., 37(17), (2019), 4851-4857, DOI: 10.1109\/JLT.2019.2923853, (impact factor 3.031) L.R. Jaroszewicz, A. Kurzych, Z. Krajewski, M. Dudek, J.K. Kowalski, K.P. Teisseyre ?The fiber-optic rotational seismograph &#8211; [&hellip;]<\/p>\n","protected":false},"author":1,"featured_media":0,"parent":0,"menu_order":0,"comment_status":"closed","ping_status":"closed","template":"","meta":{"ngg_post_thumbnail":0,"footnotes":""},"class_list":["post-1185","page","type-page","status-publish","hentry"],"_links":{"self":[{"href":"https:\/\/jaroszewicz.com\/index.php?rest_route=\/wp\/v2\/pages\/1185","targetHints":{"allow":["GET"]}}],"collection":[{"href":"https:\/\/jaroszewicz.com\/index.php?rest_route=\/wp\/v2\/pages"}],"about":[{"href":"https:\/\/jaroszewicz.com\/index.php?rest_route=\/wp\/v2\/types\/page"}],"author":[{"embeddable":true,"href":"https:\/\/jaroszewicz.com\/index.php?rest_route=\/wp\/v2\/users\/1"}],"replies":[{"embeddable":true,"href":"https:\/\/jaroszewicz.com\/index.php?rest_route=%2Fwp%2Fv2%2Fcomments&post=1185"}],"version-history":[{"count":7,"href":"https:\/\/jaroszewicz.com\/index.php?rest_route=\/wp\/v2\/pages\/1185\/revisions"}],"predecessor-version":[{"id":1298,"href":"https:\/\/jaroszewicz.com\/index.php?rest_route=\/wp\/v2\/pages\/1185\/revisions\/1298"}],"wp:attachment":[{"href":"https:\/\/jaroszewicz.com\/index.php?rest_route=%2Fwp%2Fv2%2Fmedia&parent=1185"}],"curies":[{"name":"wp","href":"https:\/\/api.w.org\/{rel}","templated":true}]}}