{"id":1198,"date":"2020-01-05T19:46:44","date_gmt":"2020-01-05T18:46:44","guid":{"rendered":"http:\/\/leszek.jaroszewicz.com\/?page_id=1198"},"modified":"2020-01-05T19:55:16","modified_gmt":"2020-01-05T18:55:16","slug":"photonics-correlated-with-liquid-crystals-technology-2019-2016","status":"publish","type":"page","link":"https:\/\/jaroszewicz.com\/?page_id=1198","title":{"rendered":"Photonics correlated with liquid crystals technology, 2019-2016"},"content":{"rendered":"\n<ul class=\"wp-block-list\"><li><strong>(impact factor 1.438)<\/strong> P. Marc, K. Stasiewicz, J. Korec, L.R. Jaroszewicz, P. Kula, ?Polarization properties of nematic liquid crystal cell with tapered optical fiber?, <em>Opto-Electron. Rev.,<\/em><strong>27<\/strong>(4), (2019), 321-328, DOI: <a href=\"https:\/\/doi.org\/10.1016\/j.opelre.%202019.10.001\">10.1016\/j.opelre. 2019.10.001<\/a>,<\/li><li><strong>(impact factor 2.061)<\/strong> L.R. Jaroszewicz, N. Bennis ?Liquid crystals optical devices?, <em>Crystals,<\/em><strong> 9, <\/strong>(2019), 523, DOI: 10.3390\/cryst9100523,<\/li><li><strong>(impact factor 2.061)<\/strong> P. Mar\u0107, N. Bennis, A. Spad\u0142o, A. Kalbarczyk, R. W\u0119g\u0142owski, K. Garbat, L.R. Jaroszewicz ?Monochromatic depolarizer based on liquid crystal?, <em>Crystals,<\/em><strong> 9, <\/strong>(2019), 387, DOI: 10.3390\/cryst9080387,<\/li><li><strong>(impact factor 3.031)<\/strong> A. Kalbarczyk, L.R. Jaroszewicz, N. Bennis, M. Chrusciel, P. Marc ?The Young interferometer as optical system for variable depolarizer characterization? <em>Sensors, <strong>19(14)<\/strong><\/em>, (2019), 3037; DOI:10.3390\/s19143037,<\/li><li><strong>(impact factor 2.061)<\/strong> N. Bennis, J. Herman, A. Kalbarczyk, P. Kula, L.R. Jaroszewicz ?Multifrequency driven nematics? <em>Crystals,<\/em><strong> 9, <\/strong>(2019), 275; DOI:10.3390\/cryst9050275,<\/li><li><strong>(impact factor 3.078)<\/strong> R. Kowerdziej, L.R. Jaroszewicz ?Tunable dual-band liquid crystal based near-infrared perfect metamaterial absorber with high-loss metal?, <em>Liquid Crystals<\/em>, <strong>XX<\/strong>, (2019), DOI: 10.1080\/02678292.2019.1618935,<\/li><li><strong>(impact factor 4.259)<\/strong> J.F. Algorri, N. Bennis, V. Urruchi, P. Morawiak, J.M. S\u00e1nchez-Pena, L.R. Jaroszewicz ?Tunable liquid crystal multifocal microlens array? <em>Sci. Rep-UK<\/em>, <strong>7<\/strong>(1), (2017),\u00a0 17318,\u00a0 DOI: 10.1038\/s41598-017-17688-1,<\/li><li><strong>(impact factor 1.449)<\/strong> W. Piecek, L. R.Jaroszewicz, E. Miszczyk, Z. Raszewski, M. Mrukiewicz, P. Kula, K. Jasek, P. Perkowski, E. Nowinowski-Kruszelnicki, J. Zieli\u0144ski, J. K\u0119dzierski, M. Olifierczuk, U. Chodorow, P. Morawiak, R. Mazur, K. Kowiorski, P. Harmata, J. Herman ?Mid-wave infrared liquid crystal shutter for breathalyzer applications?, <em>Opto-Electron. Rev.,<\/em><strong>25<\/strong>(2), (2017), 103-109, <\/li><li><strong>(impact factor 1.449)<\/strong> N. Bennis, I. Merta, A. Kalbarczyk, M. Maciejewski, P. Marc, A. Spadlo, L.R. Jaroszewicz ?Real-time phase modulation measurements in liquid crystals?, <em>Opto-Electron. Rev.,<\/em><strong>25<\/strong>(2), (2017), 69-73, <\/li><li><strong>(impact factor 1.449<\/strong>) W. Piecek, L.R. Jaroszewicz, E. Miszczyk, Z. Raszewski, M. Mrukiewicz, P. Perkowski, E. Nowinowski-Kruszelnicki, J. Zieli\u0144ski, M. Olifierczuk, J. Kedzierski, X. W. Sun, K. Garbat, K. Kowiorski, P. Morawiak, R. Mazur, and J. Tkaczyk, &#8220;Refractive index matched half-wave plate with nematic liquid crystal for three-dimensional laser metrology applications&#8221;, <em>Opto-Electron. Rev.,<\/em><strong>24<\/strong>(4), (2016), 169-182, <\/li><li>(impact factor 2.183) P. Kula, N. Bennis, P. Mar\u0107, P. Harmata, K. Gacioch, P. Morowiak, L.R. Jaroszewicz ?Perdeuterated liquid crystals for near-infrared applications?, <em>Opt. Mater.,<\/em> <strong>60<\/strong> (2016), 209-213,<\/li><li><strong>(impact factor 2.485)<\/strong> R. Kowerdziej, L.R. Jaroszewicz ?Active control of terahertz radiation using a metamaterial loaded with a nematic liquid crystal?, <em>Liquid Crystals, <\/em><strong>43<\/strong>(8),(2016), 1120-1125,<\/li><li><strong>(impact factor 2.486)<\/strong> P. Perkowski, M. Mrukiewicz, J. Herman, P. Kula, L.R. Jaroszewicz ?Dielectric investigation of the liquid crystal compound with the direct SmA*?SmC * phase transition?, <em>Liquid Crystals<\/em>, <strong>43(5<\/strong>), (2016), 654-663.<\/li><\/ul>\n","protected":false},"excerpt":{"rendered":"<p>(impact factor 1.438) P. Marc, K. Stasiewicz, J. Korec, L.R. Jaroszewicz, P. Kula, ?Polarization properties of nematic liquid crystal cell with tapered optical fiber?, Opto-Electron. Rev.,27(4), (2019), 321-328, DOI: 10.1016\/j.opelre. 2019.10.001, (impact factor 2.061) L.R. Jaroszewicz, N. Bennis ?Liquid crystals optical devices?, Crystals, 9, (2019), 523, DOI: 10.3390\/cryst9100523, (impact factor 2.061) P. Mar\u0107, N. Bennis, [&hellip;]<\/p>\n","protected":false},"author":1,"featured_media":0,"parent":0,"menu_order":0,"comment_status":"closed","ping_status":"closed","template":"","meta":{"ngg_post_thumbnail":0,"footnotes":""},"class_list":["post-1198","page","type-page","status-publish","hentry"],"_links":{"self":[{"href":"https:\/\/jaroszewicz.com\/index.php?rest_route=\/wp\/v2\/pages\/1198","targetHints":{"allow":["GET"]}}],"collection":[{"href":"https:\/\/jaroszewicz.com\/index.php?rest_route=\/wp\/v2\/pages"}],"about":[{"href":"https:\/\/jaroszewicz.com\/index.php?rest_route=\/wp\/v2\/types\/page"}],"author":[{"embeddable":true,"href":"https:\/\/jaroszewicz.com\/index.php?rest_route=\/wp\/v2\/users\/1"}],"replies":[{"embeddable":true,"href":"https:\/\/jaroszewicz.com\/index.php?rest_route=%2Fwp%2Fv2%2Fcomments&post=1198"}],"version-history":[{"count":3,"href":"https:\/\/jaroszewicz.com\/index.php?rest_route=\/wp\/v2\/pages\/1198\/revisions"}],"predecessor-version":[{"id":1205,"href":"https:\/\/jaroszewicz.com\/index.php?rest_route=\/wp\/v2\/pages\/1198\/revisions\/1205"}],"wp:attachment":[{"href":"https:\/\/jaroszewicz.com\/index.php?rest_route=%2Fwp%2Fv2%2Fmedia&parent=1198"}],"curies":[{"name":"wp","href":"https:\/\/api.w.org\/{rel}","templated":true}]}}