{"id":606,"date":"2013-11-03T13:38:26","date_gmt":"2013-11-03T12:38:26","guid":{"rendered":"http:\/\/leszek.jaroszewicz.com\/?page_id=606"},"modified":"2020-01-05T17:41:30","modified_gmt":"2020-01-05T16:41:30","slug":"photonics-correlated-with-fibre-optic-technology-2005-2001","status":"publish","type":"page","link":"https:\/\/jaroszewicz.com\/?page_id=606","title":{"rendered":"Photonics correlated with fibre optic technology, 2005-2001"},"content":{"rendered":"<ul>\n<li><strong>(impact factor &#8211; 0.3696)<\/strong> L. R. Jaroszewicz, Z. Krajewski, S. Solarz, R. Teisseyre ?Usefulness of the fiber-optic interferometer for investigation the seismic rotation waves?, <i>Optica Applicata<\/i>, <b>XXXV<\/b>, 2 (2005), 383-394,<\/li>\n<li>P. Mar\u0107, L. R. Jaroszewicz ?Uncertainties of the polarization parameters measurement in the fiber- optic devices?, 8th Intern. Symposium on Laser Metrology, 14-18.02.2005, Merida, Mexico, <i>Proc. of SPIE,<\/i> <b>5776, <\/b>(2005), 377-384,<\/li>\n<li>L. R. Jaroszewicz, Z. Krajewski, L. Solarz, R. Teisseyer, &#8220;Application of the FORS-II for investigation of the seismic rotation waves?, 8th Intern. Symposium on Laser Metrology, 14-18.02.2005, Merida, Mexico,<i> Proc. of SPIE,<\/i><b> 5776, <\/b>(2005), 385-393,<\/li>\n<li>L. R. Jaroszewicz, Z. Krajewski, L. Solarz ?Fiber-optic Sagnac interferometer as a sensor of the seismic rotation waves?, 17th Intern. Conference on Optical Fibre Sensors OFS-17, 23-27.05.2005, Bruges, Belgium, <i>Proc. of SPIE, <\/i><b>5855<\/b><i>, <\/i>(2005), 194-197,<\/li>\n<li>L. R. Jaroszewicz, Z. Krajewski, R. Teisseyer ?Some aspects of seismic rotational waves SRW recognition by fiber-optic rotational seismometer FORS-II?, <i>Proc. of SPIE<\/i>, <b>5952<\/b>, (2005), 64-71,<\/li>\n<li>A. Micha\u0142kiewicz, P. Mar\u0107, M. Kujawi\u0144ska L. R. Jaroszewicz, ?Digital holographic interferometry system based on all fiber phase modulation?, <i>Proc. of SPIE<\/i>, <b>5952<\/b>, (2005), 80-88,<\/li>\n<li>K. Stasiewicz, L. R. Jaroszewicz ?Automatic set-up for advanced optical fiber elements manufacturing?, <i>Proc. of SPIE<\/i>, <b>5952, <\/b>\u00a0(2005), 233-239,<\/li>\n<li>Z. Krajewski, L. R. Jaroszewicz, L. Solarz ?Optimization of fiber-optic Sagnac interferometer for detection of rotational seismic events?, <i>Proc. of SPIE, <\/i><b>5952<\/b>, (2005), 240-246,<\/li>\n<li>I. Merta, L. R. Jaroszewicz, S. \u015awi\u0142\u0142o ?Simple method of the 3-D shape measurement by system of fibre-optic fringe projection?, <i>Proc. of SPIE,<\/i><b> 5952<\/b>, (2005), 461-470<\/li>\n<li><strong>(impact factor &#8211; 1.1360)<\/strong> L. R. Jaroszewicz<b>,<\/b> P. Mar\u0107, ?Fiber-optic polarization analyzer ? new approach to polarization analysis?, <i>IEEE Trans. on Instrum. and Meas<\/i>. <b>53<\/b>, 2 (2004), 259-265,<\/li>\n<li><strong>(impact factor\u00a0 &#8211; 0.7635)<\/strong> L. Solarz, Z. Krajewski, L.R. Jaroszewicz ?Analysis of seismic rotations detected by two antiparallel seismometers: Spline function approximation of rotation and displacement velocities?, <i>Acta Geophys. Pol.<\/i>, <b>52, <\/b>2 (2004), 198-217,<\/li>\n<li>L. R. Jaroszewicz, Z. Krajewski, L. Solarz ?Rotational seismic events recognition basing on fiber-optic Saganc interferometer application?, 15th Intern. Conf. on Microwaves, Radar and Wireless Communications MIKON-2004, 17-19.05.2004, Warsaw, Poland, <em>Con. Proc. 3<\/em> (2004), 893-896,<\/li>\n<li>P. Marc, L.R. Jaroszewicz ?In-Line Fiber-Optic System for Depolarization Process Analysis?, 15th Intern. Conf, on Microwaves, Radar and Wireless Communications MIKON-2004, 17-19.05.2004, Warsaw, Poland, <em>Con. Proc. 1<\/em> (2004), 136-139,<\/li>\n<li>L.R. Jaroszewicz ?Polarization Role in Fiber-Optic Interferometry?, Intern Conf. on\u00a0 Interferometry XII: techniques and Analysis, 2-3.08.2004, Denver, USA, <i>Proc. of SPIE<\/i>, <b>5531, <\/b>(2004), 170-180,<\/li>\n<li>L. R. Jaroszewicz, Z. Krajewski, L. Solarz ?The Fiber-Optic Sagnac Interferometer Application for Recognition of the Rotational Seismic Events? SPIE Inter. Conf. Photonics Europe, 26-30.04.2004, Strasbourg, France, <i>Proc. of SPIE, <\/i><b>5459, <\/b>(2004), 272-280,<\/li>\n<li>P. Mar\u0107, L.R. Jaroszewicz ?Automatic In-Line Fiber-Optic Polarization Analyzers?, SPIE Inter. Conf. Photonics Europe, 26-30.04.2004, Strasbourg, France, <i>Proc. of SPIE, <\/i><b>5459, <\/b>(2004), 319-327,<\/li>\n<li>A. Kie\u017cun, L.R. Jaroszewicz, W. Borys ?Research on the optical fiber refractometric transducer?, Photonics Applications in Astronomy, Communications, Industry, and High-Energy Physics Experiments III, 26-30.05.2004, Wilga, Poland, <i>Proc. of SPIE, <\/i><b>5775<\/b>, (2004), 629-632,<\/li>\n<li><strong>(impact factor &#8211; 1.5314)<\/strong>\u00a0L.R. Jaroszewicz, P. Mar\u0107, ?In-line Fiber-Optic Polarization Analyzers for Sensor Application?, <i>IEEE Sensor Journal, <\/i><b>3<\/b>, 1 (2003), 71-79,<\/li>\n<li>L. R. Jaroszewicz, Z. Krajewski, L. Solarz ?Usefulness of the Fiber-Optic Interferometer for Detection of the Seismic Rotation Waves?, <i>Journal Optoelectronics, Instrumentation and Data Processing,<\/i> <b>39<\/b>, 5, (2003), 76-84,<\/li>\n<li>L. R. Jaroszewicz, Z. Krajewski, L. Solarz, R. Teisseyre ?Fiber-optic Sagnac interferometer as a system for the electromechanical rotational seismometer calibration and a new sensor of the rotational seismic events?, <i>EGS-AGU-EUG Joint Assembly 2003, <\/i>7-11.04.2003, Nicea, Italy,\u00a0 (2003), poster GI1-1WE3P-1930,<\/li>\n<li>L. R. Jaroszewicz, Z. Krajewski, L. Solarz, P. Mar\u0107, T. Kostrzy\u0144ski ?A New Area of the Fiber-Optic Sagnac Interferometer Application?, Intern. Microwave and Optoelectronics Conference IMOC-2003, 20-23.09.2003 Iguazu Falls, Brasil, (2003), 661-666,<\/li>\n<li>P. Mar\u0107, L. R. Jaroszewicz ?Distribution Function Approach to Degree of Polarization Phenomenon Description in Optical Fiber System? Polarization Science and Remote Sensing part of International Symposium on Optical Science and Technology, SPIE&#8217;s 48th Annual Meeting, 3-8.08.2003, San Diego, USA, <i>Proc. of SPIE, <\/i>\u00a0<b>5158, <\/b>(2003), 54-62,<\/li>\n<li>A.S. Zaj\u0105c, L.R. Jaroszewicz, M. Sk\u00f3rczakowski, P. Mar\u0107 ?OCT system with fiber-optic interferometr and Cr:forsterite laser?, European Conf. on Biomedical Optics, 22-25.06.2003, Monachium, Germany, <i>Proc. of SPIE<\/i>, <b>5140,<\/b> (2003), 221-228,<\/li>\n<li>L.R. Jaroszewicz, Z. Krajewski, P. Mar\u0107 ?Fiber-optic Sagnac interferometer as a sensor of physical quantities?, 2nd European Workshop on Optical Fiber Sensing EWOFS?04, 9-11.06.2004, Santander, Spain,\u00a0 <i>Proc. of SPIE<\/i>, <b>5502,<\/b> (2003), 390-393,<\/li>\n<li>P. Mar\u0107, L.R. Jaroszewicz, T. Kostrzy\u0144ski, ?Estimation of the indication error in the fiber-optic polarisation analyzers?, Photonics Applications in Astronomy, Communications, Industry, and High-Energy Physics Experiments II, 21-25.05.2003, Wilga, Poland, <i>Proc. of SPIE<\/i>, <b>5484<\/b>, (2003),\u00a0 410-416,<\/li>\n<li>Z. Krajewski, L.R. Jaroszewicz ?FORS ? II as a optimum sensor for detection of the rotational seismic events?, Photonics Applications in Astronomy, Communications, Industry, and High-Energy Physics Experiments II, 21-25.05.2003, Wilga, Poland, <i>Proc. of SPIE<\/i>, <b>5484<\/b>, (2003), 406-409,<\/li>\n<li><strong>(impact factor &#8211; 1.0440)<\/strong> L.R. Jaroszewicz<b>,<\/b> Z. Krajewski, ?Optical fibre interferometric system for Doppler effect measurement?, <i>Opto-Electron. Rev<\/i>., <b>10<\/b>, 3 (2002), 185-191,<\/li>\n<li><strong>(impact factor &#8211; 1.0440)<\/strong> L.R. Jaroszewicz, P. Mar\u0107, ?Measuring full-polarisation parameters using in-line fibre-optic polarimetric device?, <i>Opto-Electron. Rev<\/i>., <b>10<\/b>, 3 (2002), 199-207,<\/li>\n<li>L.R. Jaroszewicz, P. Mar\u0107 ?Fiber-Optic Interferometric Polarization Analyzer<i>?, <\/i>19<sup>th<\/sup> IEEE Instrumentation and Measurement Technology Conference IMTC\/2002, 21-23.05.2002, Anchorage, USA,\u00a0 (2002), 1497-1502,<\/li>\n<li>L.R. Jaroszewicz, A. Zaj\u0105c, P. Mar\u0107, Z. Krajewski, R. \u015awi\u0142\u0142o, ?Investigation of the polarization evolution in fiber-optic loop (Sagnac) interferometer? 6<sup>th<\/sup> International Conf. on Engineering Design and Automation EDA-6, 4-7.08.2002,<em> Mauii USA, Proc. on CD<\/em>, (2002), 98-103.<\/li>\n<li>A. Zaj\u0105c, L.R. Jaroszewicz, J. Kasprzak, M. Sk\u00f3rczakowski, P. Mar\u0107, Z. Krajewski, ?Diagnostics of biological tissues by the fiber-optic interferometric system with Cr:Forsterite laser pumped by Nd doped fiber-laser?, 6<sup>th<\/sup> International Conf. on Engineering Design and Automation EDA-6, 4-7.08.2002, Mauii USA,\u00a0<em>Proc. on CD<\/em> (2002), \u00a0112-11,<\/li>\n<li>L.R Jaroszewicz, Z. Krajewski, ?Possibility of fibre-optic rotational seismometer design?, 7<sup>th<\/sup> International Symposium on Laser Metrology Applied to Science, Industry, and Everyday Life, 9-13.09.2002, Nowosybirsk, Russia, <em>Proc. of<\/em> <i>SPIE<\/i>, <b>4900<\/b>, (2002),\u00a0 416-423, &#8211; invited<\/li>\n<li>L.R. Jaroszewicz, P. Mar\u0107, ?Measurement of polarisation parameters by in-line fibre-optic devices?, <i>7<\/i><sup>th<\/sup> International Symposium on Laser Metrology Applied to Science, Industry, and Everyday Life, 9-13.09.2002, Nowosybirsk, Russia, <em>Proc. of SPIE<\/em>, <b>4900<\/b>, (2002), 451-458<b>, <\/b><\/li>\n<li><strong>(impact factor &#8211; 0.3696)<\/strong> L.R. Jaroszewicz ?Polarisation behaviour of different fiber-optic interferometer configurations under temperature changes?, <i>Opt. Appl.,<\/i> <b>31<\/b>, 2, (2001), 399-423,<\/li>\n<li><strong>(impact factor &#8211; 0.5282)<\/strong> L.R. Jaroszewicz, S. K\u0142osowicz, K. Czupry\u0144ski, A. Kie\u017cun, E. Nowinowski-Kruszelnicki, T. Niedziela ?Tunable liquid crystal fiber-optic polarizer and related elements?, <i>Mol. Cryst. Liq.Cryst<\/i>, <b>368<\/b> (2001), 17-24,<\/li>\n<li>L. R. Jaroszewicz, Z. Krajewski, R. \u015awi\u0142\u0142o ?Application of fiber-optic Sagnac interferometr for detection of rotational seismic events? , <i>Molecular and Quantum Acoustics<\/i>, <b>22<\/b>, (2001), 133-144,<\/li>\n<li>L.R. Jaroszewicz, R. \u015awi\u0142\u0142o, A. Kie\u017cun, ?Fiber-Optic Sagnac Ellipsometer?, OECC\/IOCC 2001 Conference incorporating ACOFT, 1-5.07.2001, Sydney, Australia, (2001), 242-244,<\/li>\n<li>S. Swi\u0142\u0142o, L.R. Jaroszewicz ?Automatic Shape Measurement on Base of Static Fiber-Optic Fringe Projection Method?, <i>5<\/i><sup>th<\/sup> Intern. Conference on Engineering Design and Automation EDA 2001,5-8.08.2001, Las Vegas, USA, <em>Proc.<\/em> (2001), 272-277,<\/li>\n<li>L. R. Jaroszewicz, P. Mar\u0107, A. Kie\u017cun ?In-line fiber-optic ellipsometer with full polarization analysis in real time? <i>The Internat. Symp. On Optical Science and Technology: Polarization Analysis and Measurement Analysis IV<\/i>, 29.07-3.08.01, San Diego, USA, <em>Proc. of SPIE<\/em><i> <\/i><strong>4481<\/strong>, (2001),\u00a0 141-148.<\/li>\n<\/ul>\n<h3>\u00a0Books:<\/h3>\n<ul>\n<li>Leszek R. Jaroszewicz, Brian Culshaw, Anna G. Mignani eds., Optical Fibers: Applications, Proceedings of SPIE v. <b>5952<\/b>, (2005) 486 pages, 58 papers<\/li>\n<\/ul>\n","protected":false},"excerpt":{"rendered":"<p>(impact factor &#8211; 0.3696) L. R. Jaroszewicz, Z. Krajewski, S. Solarz, R. Teisseyre ?Usefulness of the fiber-optic interferometer for investigation the seismic rotation waves?, Optica Applicata, XXXV, 2 (2005), 383-394, P. Mar\u0107, L. R. Jaroszewicz ?Uncertainties of the polarization parameters measurement in the fiber- optic devices?, 8th Intern. Symposium on Laser Metrology, 14-18.02.2005, Merida, Mexico, [&hellip;]<\/p>\n","protected":false},"author":1,"featured_media":0,"parent":338,"menu_order":7,"comment_status":"closed","ping_status":"closed","template":"","meta":{"ngg_post_thumbnail":0,"footnotes":""},"class_list":["post-606","page","type-page","status-publish","hentry"],"_links":{"self":[{"href":"https:\/\/jaroszewicz.com\/index.php?rest_route=\/wp\/v2\/pages\/606","targetHints":{"allow":["GET"]}}],"collection":[{"href":"https:\/\/jaroszewicz.com\/index.php?rest_route=\/wp\/v2\/pages"}],"about":[{"href":"https:\/\/jaroszewicz.com\/index.php?rest_route=\/wp\/v2\/types\/page"}],"author":[{"embeddable":true,"href":"https:\/\/jaroszewicz.com\/index.php?rest_route=\/wp\/v2\/users\/1"}],"replies":[{"embeddable":true,"href":"https:\/\/jaroszewicz.com\/index.php?rest_route=%2Fwp%2Fv2%2Fcomments&post=606"}],"version-history":[{"count":5,"href":"https:\/\/jaroszewicz.com\/index.php?rest_route=\/wp\/v2\/pages\/606\/revisions"}],"predecessor-version":[{"id":1178,"href":"https:\/\/jaroszewicz.com\/index.php?rest_route=\/wp\/v2\/pages\/606\/revisions\/1178"}],"up":[{"embeddable":true,"href":"https:\/\/jaroszewicz.com\/index.php?rest_route=\/wp\/v2\/pages\/338"}],"wp:attachment":[{"href":"https:\/\/jaroszewicz.com\/index.php?rest_route=%2Fwp%2Fv2%2Fmedia&parent=606"}],"curies":[{"name":"wp","href":"https:\/\/api.w.org\/{rel}","templated":true}]}}